{"id":12507,"date":"2026-09-06T01:23:05","date_gmt":"2026-09-05T23:23:05","guid":{"rendered":"https:\/\/ceresio5valli.it\/?post_type=eventi&#038;p=12507"},"modified":"2026-09-06T01:23:05","modified_gmt":"2026-09-05T23:23:05","slug":"andrea-bonvicini-valsolda-due-libri-serata-musica-2026","status":"publish","type":"eventi","link":"https:\/\/ceresio5valli.it\/fr\/eventi\/andrea-bonvicini-valsolda-due-libri-serata-musica-2026\/","title":{"rendered":"Andrea Bonvicini pr\u00e9sente deux livres \u00e0 la biblioth\u00e8que de Valsolda"},"content":{"rendered":"<p>Vendredi <strong>18 septembre 2026<\/strong> \u00e0 1 heure <strong>20:45<\/strong> Les \u00e9coles Loggio, \u00e0 Valsolda, organisent une soir\u00e9e d\u00e9di\u00e9e \u00e0 <strong>Andrea Bonvicini<\/strong>, un auteur de Valsoldo qui pr\u00e9sente deux livres\u00a0: <em>Le grand commencement de l&#039;histoire<\/em>, un drame en cinq parties, et <em>Les nuages s&#039;en vont<\/em>, un recueil de nouvelles, d&#039;anecdotes et de po\u00e8mes publi\u00e9s et in\u00e9dits.<\/p>\n<p>La lecture sera accompagn\u00e9e d&#039;interventions musicales de <strong>Ivan Porta<\/strong> Un professeur de l&#039;Institut de musique civique de Dongo, Menaggio et Porlezza jouera de l&#039;accord\u00e9on. Un rafra\u00eechissement sera servi apr\u00e8s l&#039;\u00e9v\u00e9nement. Organis\u00e9 par la Biblioth\u00e8que municipale Antonio Fogazzaro de Valsolda, ce rendez-vous s&#039;inscrit dans le cadre des soir\u00e9es litt\u00e9raires qui, ces derniers mois, ont accueilli \u00e0 Loggio des auteurs des r\u00e9gions de Larian et de Cerese.<\/p>\n<h2>L&#039;auteur<\/h2>\n<p>Andrea Bonvicini est n\u00e9 \u00e0 Oria Valsolda en 1942. Apr\u00e8s des \u00e9tudes techniques \u00e0 Lugano et \u00e0 Milan, il travaille dans le canton du Tessin comme dessinateur et consultant technique\u00a0: une biographie de cette r\u00e9gion frontali\u00e8re, entre le lac C\u00e9r\u00e8s et la Suisse, partag\u00e9e par de nombreuses familles de Valsolda. Il commence \u00e0 \u00e9crire plus tard, anim\u00e9 par ce qu\u2019il d\u00e9crit lui-m\u00eame comme une impulsion int\u00e9rieure\u00a0: traduire le bagage \u00e9motionnel d\u2019une vie en vers et en r\u00e9cits, esp\u00e9rant \u00eatre per\u00e7u intimement par le lecteur.<\/p>\n<h2>Les deux livres<\/h2>\n<p><em>Le grand commencement de l&#039;histoire<\/em> Il s&#039;agit d&#039;une pi\u00e8ce de th\u00e9\u00e2tre en cinq parties, une libre interpr\u00e9tation de l&#039;auteur sur le th\u00e8me des origines. <em>Les nuages s&#039;en vont<\/em> Il s&#039;agit d&#039;un recueil de nouvelles et de po\u00e8mes, certains d\u00e9j\u00e0 publi\u00e9s, d&#039;autres in\u00e9dits, avec une vue des rives valsoldes du lac Ceresio en couverture. Au cours de la soir\u00e9e, l&#039;auteur lira des extraits des deux ouvrages.<\/p>\n<div style=\"display:flex;flex-wrap:wrap;gap:2rem;justify-content:center;margin:2rem 0;\">\n<figure style=\"flex:1 1 240px;max-width:340px;margin:0;\">\n<img fetchpriority=\"high\" decoding=\"async\" width=\"753\" height=\"1100\" src=\"https:\/\/ceresio5valli.it\/wp-content\/uploads\/2026\/09\/copertina-della-storia-lo-gran-principio-andrea-bonvicini.jpg\" alt=\"Copertina del libro Della Storia lo Gran Principio, dramma in cinque parti di Andrea Bonvicini\" class=\"wp-image-12509\" style=\"width:100%;height:auto;\" srcset=\"https:\/\/ceresio5valli.it\/wp-content\/uploads\/2026\/09\/copertina-della-storia-lo-gran-principio-andrea-bonvicini.jpg 753w, https:\/\/ceresio5valli.it\/wp-content\/uploads\/2026\/09\/copertina-della-storia-lo-gran-principio-andrea-bonvicini-205x300.jpg 205w, https:\/\/ceresio5valli.it\/wp-content\/uploads\/2026\/09\/copertina-della-storia-lo-gran-principio-andrea-bonvicini-701x1024.jpg 701w, https:\/\/ceresio5valli.it\/wp-content\/uploads\/2026\/09\/copertina-della-storia-lo-gran-principio-andrea-bonvicini-8x12.jpg 8w\" sizes=\"(max-width: 753px) 100vw, 753px\" \/><figcaption style=\"text-align:center;font-size:0.9em;\"><em>Le grand commencement de l&#039;histoire<\/em> \u2014 drame en cinq parties<\/figcaption><\/figure>\n<figure style=\"flex:1 1 240px;max-width:340px;margin:0;\">\n<img decoding=\"async\" width=\"785\" height=\"1100\" src=\"https:\/\/ceresio5valli.it\/wp-content\/uploads\/2026\/09\/copertina-van-le-nuvole-andrea-bonvicini.jpg\" alt=\"Copertina del libro Van le nuvole di Andrea Bonvicini, con uno scorcio della riva valsoldese del Lago Ceresio\" class=\"wp-image-12510\" style=\"width:100%;height:auto;\" srcset=\"https:\/\/ceresio5valli.it\/wp-content\/uploads\/2026\/09\/copertina-van-le-nuvole-andrea-bonvicini.jpg 785w, https:\/\/ceresio5valli.it\/wp-content\/uploads\/2026\/09\/copertina-van-le-nuvole-andrea-bonvicini-214x300.jpg 214w, https:\/\/ceresio5valli.it\/wp-content\/uploads\/2026\/09\/copertina-van-le-nuvole-andrea-bonvicini-731x1024.jpg 731w, https:\/\/ceresio5valli.it\/wp-content\/uploads\/2026\/09\/copertina-van-le-nuvole-andrea-bonvicini-768x1076.jpg 768w, https:\/\/ceresio5valli.it\/wp-content\/uploads\/2026\/09\/copertina-van-le-nuvole-andrea-bonvicini-9x12.jpg 9w\" sizes=\"(max-width: 785px) 100vw, 785px\" \/><figcaption style=\"text-align:center;font-size:0.9em;\"><em>Les nuages s&#039;en vont<\/em> \u2014 des nouvelles, des anecdotes et des po\u00e8mes, publi\u00e9s ou non<\/figcaption><\/figure>\n<\/div>\n<h2>Ivan Porta<\/h2>\n<figure style=\"max-width:360px;margin:0 0 1.5rem 1.5rem;float:right;\">\n<img decoding=\"async\" width=\"523\" height=\"599\" src=\"https:\/\/ceresio5valli.it\/wp-content\/uploads\/2026\/09\/ivan-porta-fisarmonica.jpg\" alt=\"Il fisarmonicista Ivan Porta con la sua fisarmonica\" class=\"wp-image-12511\" style=\"width:100%;height:auto;\" srcset=\"https:\/\/ceresio5valli.it\/wp-content\/uploads\/2026\/09\/ivan-porta-fisarmonica.jpg 523w, https:\/\/ceresio5valli.it\/wp-content\/uploads\/2026\/09\/ivan-porta-fisarmonica-262x300.jpg 262w, https:\/\/ceresio5valli.it\/wp-content\/uploads\/2026\/09\/ivan-porta-fisarmonica-10x12.jpg 10w\" sizes=\"(max-width: 523px) 100vw, 523px\" \/><figcaption style=\"text-align:center;font-size:0.9em;\">Ivan Porta, accord\u00e9oniste et professeur \u00e0 l&#039;Institut Civique de Musique de Dongo, Menaggio et Porlezza<\/figcaption><\/figure>\n<p>N\u00e9 \u00e0 C\u00f4me, Ivan Porta a \u00e9tudi\u00e9 l&#039;accord\u00e9on aupr\u00e8s du Maestro Mimmo Orlando, m\u00ealant musique de danse et r\u00e9pertoire classique, et a obtenu son dipl\u00f4me de piano au Conservatoire de Mantoue en 1985. Il a enseign\u00e9 la musique dans des coll\u00e8ges de plusieurs villes entre le lac de C\u00f4me et le lac Ceresio, notamment \u00e0 Menaggio, Porlezza et San Bartolomeo Val Cavargna, et collabore avec des orchestres de danse en tant qu&#039;arrangeur et soliste. Il enseigne actuellement l&#039;accord\u00e9on \u00e0 l&#039;Institut de Musique Civique de Dongo, Menaggio et Porlezza.<\/p>\n<div style=\"clear:both;\"><\/div>\n<h2>Informations<\/h2>\n<ul>\n<li><strong>Quand:<\/strong> Vendredi 18 septembre 2026, 20h45<\/li>\n<li><strong>O\u00f9:<\/strong> \u00c9coles Loggio, Valsolda (CO)<\/li>\n<li><strong>Entr\u00e9e:<\/strong> gratuit, avec rafra\u00eechissements de fin de service<\/li>\n<li><strong>Organisation:<\/strong> Biblioth\u00e8que municipale Antonio Fogazzaro Valsolda<\/li>\n<\/ul>","protected":false},"excerpt":{"rendered":"<p>Le vendredi 18 septembre 2026 \u00e0 20h45, les \u00e9coles Loggio de Valsolda organiseront une soir\u00e9e d\u00e9di\u00e9e \u00e0 Andrea Bonvicini\u2026<\/p>","protected":false},"featured_media":12508,"template":"","tags":[],"comune":[15],"class_list":["post-12507","eventi","type-eventi","status-publish","has-post-thumbnail","hentry","comune-valsolda"],"meta_fields":{"rank_math_internal_links_processed":["1"],"data_inizio":["20260918"],"data_fine":["20260918"],"ora_inizio":["20:45"],"luogo":["Scuole di Loggio, Valsolda (CO)"],"latitudine":["46.02630"],"longitudine":["9.06331"],"tipo_evento":["cultura"],"prezzo_biglietto":["Ingresso libero"],"organizzatore":["Biblioteca Comunale Antonio Fogazzaro Valsolda"],"rank_math_title":["Andrea Bonvicini a Valsolda: due libri e fisarmonica alle Scuole di Loggio | Ceresio5Valli"],"rank_math_description":["Venerd\u00ec 18 settembre 2026 alle Scuole di Loggio (Valsolda) Andrea Bonvicini presenta Della Storia lo Gran Principio e Van le nuvole, con Ivan Porta alla fisarmonica."],"rank_math_focus_keyword":["Andrea Bonvicini Valsolda"],"locandina_id":["12508"]},"_links":{"self":[{"href":"https:\/\/ceresio5valli.it\/fr\/wp-json\/wp\/v2\/eventi\/12507","targetHints":{"allow":["GET"]}}],"collection":[{"href":"https:\/\/ceresio5valli.it\/fr\/wp-json\/wp\/v2\/eventi"}],"about":[{"href":"https:\/\/ceresio5valli.it\/fr\/wp-json\/wp\/v2\/types\/eventi"}],"wp:featuredmedia":[{"embeddable":true,"href":"https:\/\/ceresio5valli.it\/fr\/wp-json\/wp\/v2\/media\/12508"}],"wp:attachment":[{"href":"https:\/\/ceresio5valli.it\/fr\/wp-json\/wp\/v2\/media?parent=12507"}],"wp:term":[{"taxonomy":"post_tag","embeddable":true,"href":"https:\/\/ceresio5valli.it\/fr\/wp-json\/wp\/v2\/tags?post=12507"},{"taxonomy":"comune","embeddable":true,"href":"https:\/\/ceresio5valli.it\/fr\/wp-json\/wp\/v2\/comune?post=12507"}],"curies":[{"name":"wp","href":"https:\/\/api.w.org\/{rel}","templated":true}]}}

Andrea Bonvicini présente deux livres à la bibliothèque de Valsolda

<p>Vendredi <strong>18 septembre 2026</strong> à 1 heure <strong>20:45</strong> Les écoles Loggio, à Valsolda, organisent une soirée dédiée à <strong>Andrea Bonvicini</strong>, un auteur de Valsoldo qui présente deux livres : <em>Le grand commencement de l&#039;histoire</em>, un drame en cinq parties, et <em>Les nuages s&#039;en vont</em>, un recueil de nouvelles, d&#039;anecdotes et de poèmes publiés et inédits.</p>
<p>La lecture sera accompagnée d&#039;interventions musicales de <strong>Ivan Porta</strong> Un professeur de l&#039;Institut de musique civique de Dongo, Menaggio et Porlezza jouera de l&#039;accordéon. Un rafraîchissement sera servi après l&#039;événement. Organisé par la Bibliothèque municipale Antonio Fogazzaro de Valsolda, ce rendez-vous s&#039;inscrit dans le cadre des soirées littéraires qui, ces derniers mois, ont accueilli à Loggio des auteurs des régions de Larian et de Cerese.</p>
<h2>L&#039;auteur</h2>
<p>Andrea Bonvicini est né à Oria Valsolda en 1942. Après des études techniques à Lugano et à Milan, il travaille dans le canton du Tessin comme dessinateur et consultant technique : une biographie de cette région frontalière, entre le lac Cérès et la Suisse, partagée par de nombreuses familles de Valsolda. Il commence à écrire plus tard, animé par ce qu’il décrit lui-même comme une impulsion intérieure : traduire le bagage émotionnel d’une vie en vers et en récits, espérant être perçu intimement par le lecteur.</p>
<h2>Les deux livres</h2>
<p><em>Le grand commencement de l&#039;histoire</em> Il s&#039;agit d&#039;une pièce de théâtre en cinq parties, une libre interprétation de l&#039;auteur sur le thème des origines. <em>Les nuages s&#039;en vont</em> Il s&#039;agit d&#039;un recueil de nouvelles et de poèmes, certains déjà publiés, d&#039;autres inédits, avec une vue des rives valsoldes du lac Ceresio en couverture. Au cours de la soirée, l&#039;auteur lira des extraits des deux ouvrages.</p>
<div style="display:flex;flex-wrap:wrap;gap:2rem;justify-content:center;margin:2rem 0;">
<figure style="flex:1 1 240px;max-width:340px;margin:0;">
<img fetchpriority="high" decoding="async" width="753" height="1100" src="https://ceresio5valli.it/wp-content/uploads/2026/09/copertina-della-storia-lo-gran-principio-andrea-bonvicini.jpg" alt="Copertina del libro Della Storia lo Gran Principio, dramma in cinque parti di Andrea Bonvicini" class="wp-image-12509" style="width:100%;height:auto;" srcset="https://ceresio5valli.it/wp-content/uploads/2026/09/copertina-della-storia-lo-gran-principio-andrea-bonvicini.jpg 753w, https://ceresio5valli.it/wp-content/uploads/2026/09/copertina-della-storia-lo-gran-principio-andrea-bonvicini-205x300.jpg 205w, https://ceresio5valli.it/wp-content/uploads/2026/09/copertina-della-storia-lo-gran-principio-andrea-bonvicini-701x1024.jpg 701w, https://ceresio5valli.it/wp-content/uploads/2026/09/copertina-della-storia-lo-gran-principio-andrea-bonvicini-8x12.jpg 8w" sizes="(max-width: 753px) 100vw, 753px" /><figcaption style="text-align:center;font-size:0.9em;"><em>Le grand commencement de l&#039;histoire</em> — drame en cinq parties</figcaption></figure>
<figure style="flex:1 1 240px;max-width:340px;margin:0;">
<img decoding="async" width="785" height="1100" src="https://ceresio5valli.it/wp-content/uploads/2026/09/copertina-van-le-nuvole-andrea-bonvicini.jpg" alt="Copertina del libro Van le nuvole di Andrea Bonvicini, con uno scorcio della riva valsoldese del Lago Ceresio" class="wp-image-12510" style="width:100%;height:auto;" srcset="https://ceresio5valli.it/wp-content/uploads/2026/09/copertina-van-le-nuvole-andrea-bonvicini.jpg 785w, https://ceresio5valli.it/wp-content/uploads/2026/09/copertina-van-le-nuvole-andrea-bonvicini-214x300.jpg 214w, https://ceresio5valli.it/wp-content/uploads/2026/09/copertina-van-le-nuvole-andrea-bonvicini-731x1024.jpg 731w, https://ceresio5valli.it/wp-content/uploads/2026/09/copertina-van-le-nuvole-andrea-bonvicini-768x1076.jpg 768w, https://ceresio5valli.it/wp-content/uploads/2026/09/copertina-van-le-nuvole-andrea-bonvicini-9x12.jpg 9w" sizes="(max-width: 785px) 100vw, 785px" /><figcaption style="text-align:center;font-size:0.9em;"><em>Les nuages s&#039;en vont</em> — des nouvelles, des anecdotes et des poèmes, publiés ou non</figcaption></figure>
</div>
<h2>Ivan Porta</h2>
<figure style="max-width:360px;margin:0 0 1.5rem 1.5rem;float:right;">
<img decoding="async" width="523" height="599" src="https://ceresio5valli.it/wp-content/uploads/2026/09/ivan-porta-fisarmonica.jpg" alt="Il fisarmonicista Ivan Porta con la sua fisarmonica" class="wp-image-12511" style="width:100%;height:auto;" srcset="https://ceresio5valli.it/wp-content/uploads/2026/09/ivan-porta-fisarmonica.jpg 523w, https://ceresio5valli.it/wp-content/uploads/2026/09/ivan-porta-fisarmonica-262x300.jpg 262w, https://ceresio5valli.it/wp-content/uploads/2026/09/ivan-porta-fisarmonica-10x12.jpg 10w" sizes="(max-width: 523px) 100vw, 523px" /><figcaption style="text-align:center;font-size:0.9em;">Ivan Porta, accordéoniste et professeur à l&#039;Institut Civique de Musique de Dongo, Menaggio et Porlezza</figcaption></figure>
<p>Né à Côme, Ivan Porta a étudié l&#039;accordéon auprès du Maestro Mimmo Orlando, mêlant musique de danse et répertoire classique, et a obtenu son diplôme de piano au Conservatoire de Mantoue en 1985. Il a enseigné la musique dans des collèges de plusieurs villes entre le lac de Côme et le lac Ceresio, notamment à Menaggio, Porlezza et San Bartolomeo Val Cavargna, et collabore avec des orchestres de danse en tant qu&#039;arrangeur et soliste. Il enseigne actuellement l&#039;accordéon à l&#039;Institut de Musique Civique de Dongo, Menaggio et Porlezza.</p>
<div style="clear:both;"></div>
<h2>Informations</h2>
<ul>
<li><strong>Quand:</strong> Vendredi 18 septembre 2026, 20h45</li>
<li><strong>Où:</strong> Écoles Loggio, Valsolda (CO)</li>
<li><strong>Entrée:</strong> gratuit, avec rafraîchissements de fin de service</li>
<li><strong>Organisation:</strong> Bibliothèque municipale Antonio Fogazzaro Valsolda</li>
</ul>

<p>Le vendredi 18 septembre 2026 à 20h45, les écoles Loggio de Valsolda organiseront une soirée dédiée à Andrea Bonvicini…</p>

Venerdì 18 settembre 2026 alle Scuole di Loggio (Valsolda) Andrea Bonvicini presenta Della Storia lo Gran Principio e Van le nuvole, con Ivan Porta alla fisarmonica.
