{"id":11604,"date":"2026-04-25T12:32:46","date_gmt":"2026-04-25T10:32:46","guid":{"rendered":"https:\/\/ceresio5valli.it\/eventi\/mostra-retrospettiva-giuliano-togni-museo-casa-pagani-2026\/"},"modified":"2026-04-25T12:32:46","modified_gmt":"2026-04-25T10:32:46","slug":"mostra-retrospettiva-giuliano-togni-museo-casa-pagani-2026","status":"publish","type":"eventi","link":"https:\/\/ceresio5valli.it\/es\/eventi\/mostra-retrospettiva-giuliano-togni-museo-casa-pagani-2026\/","title":{"rendered":"Giuliano Togni: Retrospectiva en el Museo Casa Pagani"},"content":{"rendered":"<p><em>Sesenta a\u00f1os pintando entre Valsolda, Lugano y Europa: el Museo Casa Pagani rinde homenaje a una de las figuras m\u00e1s reconocibles del panorama art\u00edstico transfronterizo.<\/em><\/p>\n<p>Desde <strong>Del 9 de mayo al 28 de junio de 2026<\/strong>, El <a href=\"\/es\/poi\/museo-casa-pagani\/\"><strong>Casa Museo Pagani<\/strong><\/a> El Castillo Valsolda acoge la gran retrospectiva dedicada a <strong>Juli\u00e1n Togni<\/strong>, pintor valsolda de renombre nacional e internacional. La exposici\u00f3n abarca casi sesenta a\u00f1os de su trayectoria, desde los acr\u00edlicos en aerosol de sus primeros trabajos hasta los c\u00e9lebres lienzos extrovertidos de sus \u00faltimas d\u00e9cadas, y es fruto de la colaboraci\u00f3n entre el Museo Casa Pagani, la Asociaci\u00f3n de Amigos del Museo, la Compagnia del Castello y el Ayuntamiento de Valsolda.<\/p>\n<h2>La inauguraci\u00f3n el 9 de mayo<\/h2>\n<p>El d\u00eda de la inauguraci\u00f3n se abre <strong>S\u00e1bado 9 de mayo a las 17:00 horas<\/strong> en el <a href=\"\/es\/poi\/chiesa-di-san-martino-a-castello\/\"><strong>Iglesia de San Mart\u00edn de Castello<\/strong><\/a> \u2014 la peque\u00f1a \u201cCapilla Sixtina\u201d de Lombard\u00eda, con frescos de Paolo Pagani de 1697 \u2014 con saludos de las autoridades y discursos del alcalde <strong>Laura Roman\u00f2<\/strong>, del presidente de la Asociaci\u00f3n de Amigos del Museo <strong>Roger Pianezzi<\/strong> y el director <strong>Giorgio Mollisi<\/strong>, historiador de arte. El propio artista hablar\u00e1, mientras que su hija <strong>Gloria Togni<\/strong> La ceremonia estar\u00e1 acompa\u00f1ada de interludios de flauta. A continuaci\u00f3n, se presentar\u00e1 una \u00f3pera y una presentaci\u00f3n de diapositivas dedicada a <strong>Bellotti de San Mamete<\/strong>, una dinast\u00eda de pintores y escultores de Valsoldi que estuvieron activos en Europa entre los siglos XVI y XVIII. <strong>18:00<\/strong> nos trasladamos al <strong>Casa Museo Pagani<\/strong> para el corte de cinta y el refrigerio en el oratorio.<\/p>\n<h2>Una ruta entre Valsolda y el cant\u00f3n de Ticino.<\/h2>\n<p>Nacido en Mil\u00e1n en 1942 y criado en <strong>Valsolda<\/strong>, Togni se form\u00f3 en la Academia de Bellas Artes de <strong>Par\u00eds<\/strong> (1963-65) y de <strong>Roma<\/strong> (1966). Ense\u00f1\u00f3 durante a\u00f1os en <strong>CSIA de Lugano<\/strong> y durante una d\u00e9cada presidi\u00f3 la secci\u00f3n de Ticino de la Sociedad de Pintores y Arquitectos Suizos (hoy <em>Visarte<\/em>), organizando alrededor de cincuenta exposiciones. Hoy vive y trabaja en <strong>Original<\/strong>, en la otra orilla del lago Ceresio: una trayectoria biogr\u00e1fica que lo convierte efectivamente en una figura clave entre las dos orillas del lago.<\/p>\n<h2>Investigaci\u00f3n: pintura que emerge del marco<\/h2>\n<p>La caracter\u00edstica m\u00e1s reconocible de Togni es la <strong>lienzo invertido<\/strong> montado sobre un panel de madera lacada \u2014 el <em>lienzo con forma<\/em>, un l\u00e9xico que dialoga con Burri, Geiger, Stella, Kelly, Tuttle. Pero en su obra la proyecci\u00f3n nunca es una forma geom\u00e9trica pura: es <strong>fragmento denso de memoria<\/strong>, donde el clasicismo no es una cita sino una ley fundacional. Togni don\u00f3 al Museo Casa Pagani <em>La templanza (el reloj de arena del pintor)<\/em>, Lienzo extruido de 80\u00d780 cm sobre panel lacado, que pasa a formar parte de la colecci\u00f3n permanente de artistas de Valsolda en la tercera planta.<\/p>\n<h2>Descarga el p\u00f3ster<\/h2>\n<p><a href=\"https:\/\/ceresio5valli.it\/wp-content\/uploads\/2026\/04\/manifesto-giuliano-togni-museo-casa-pagani-2026.pdf\" target=\"_blank\" rel=\"noopener\">\ud83d\udcc4 Descarga el cartel de la exposici\u00f3n (PDF)<\/a><\/p>\n<div style=\"background:rgba(0,0,0,0.05);border-left:4px solid #2196F3;padding:1em 1.2em;margin:1.5em 0;\">\n<p style=\"margin:0;\"><strong>\ud83d\udcc5 Inauguraci\u00f3n:<\/strong> S\u00e1bado, 9 de mayo de 2026 \u2014 17:00 h Iglesia de San Martino, 18:00 h Museo Casa Pagani<br \/>\n<strong>\ud83d\udcc5 Mostrar:<\/strong> Del 9 de mayo al 28 de junio de 2026, s\u00e1bados, domingos y festivos, de 11:00 a 18:00.<br \/>\n<strong>\ud83d\udccd<\/strong> Casa Museo Pagani, Via C. Jamucci 8\/10, Castello Valsolda (CO)<br \/>\n<strong>\ud83c\udf9f\ufe0f Entrada gratuita<\/strong><br \/>\n<strong>\u2709\ufe0f<\/strong> <a href=\"mailto:direzione@museocasapagani.it\">direzione@museocasapagani.it<\/a><br \/>\n<strong>\ud83d\udc65<\/strong> Museo Casa Pagani \u00b7 Asociaci\u00f3n de Amigos del Museo Casa Pagani \u00b7 Compa\u00f1\u00eda del Castillo \u00b7 Municipio de Valsolda<\/p>\n<\/div>","protected":false},"excerpt":{"rendered":"<p>Del 9 de mayo al 28 de junio de 2026, el Museo Casa Pagani en Castello Valsolda rinde homenaje a Giuliano Togni con una retrospectiva de casi sesenta a\u00f1os de pintura, desde acr\u00edlicos pulverizados hasta lienzos extruidos.<\/p>","protected":false},"featured_media":11609,"template":"","comune":[],"class_list":["post-11604","eventi","type-eventi","status-publish","has-post-thumbnail","hentry"],"_links":{"self":[{"href":"https:\/\/ceresio5valli.it\/es\/wp-json\/wp\/v2\/eventi\/11604","targetHints":{"allow":["GET"]}}],"collection":[{"href":"https:\/\/ceresio5valli.it\/es\/wp-json\/wp\/v2\/eventi"}],"about":[{"href":"https:\/\/ceresio5valli.it\/es\/wp-json\/wp\/v2\/types\/eventi"}],"wp:featuredmedia":[{"embeddable":true,"href":"https:\/\/ceresio5valli.it\/es\/wp-json\/wp\/v2\/media\/11609"}],"wp:attachment":[{"href":"https:\/\/ceresio5valli.it\/es\/wp-json\/wp\/v2\/media?parent=11604"}],"wp:term":[{"taxonomy":"comune","embeddable":true,"href":"https:\/\/ceresio5valli.it\/es\/wp-json\/wp\/v2\/comune?post=11604"}],"curies":[{"name":"wp","href":"https:\/\/api.w.org\/{rel}","templated":true}]}}

<p><em>Sesenta años pintando entre Valsolda, Lugano y Europa: el Museo Casa Pagani rinde homenaje a una de las figuras más reconocibles del panorama artístico transfronterizo.</em></p>
<p>Desde <strong>Del 9 de mayo al 28 de junio de 2026</strong>, El <a href="/es/poi/museo-casa-pagani/"><strong>Casa Museo Pagani</strong></a> El Castillo Valsolda acoge la gran retrospectiva dedicada a <strong>Julián Togni</strong>, pintor valsolda de renombre nacional e internacional. La exposición abarca casi sesenta años de su trayectoria, desde los acrílicos en aerosol de sus primeros trabajos hasta los célebres lienzos extrovertidos de sus últimas décadas, y es fruto de la colaboración entre el Museo Casa Pagani, la Asociación de Amigos del Museo, la Compagnia del Castello y el Ayuntamiento de Valsolda.</p>
<h2>La inauguración el 9 de mayo</h2>
<p>El día de la inauguración se abre <strong>Sábado 9 de mayo a las 17:00 horas</strong> en el <a href="/es/poi/chiesa-di-san-martino-a-castello/"><strong>Iglesia de San Martín de Castello</strong></a> — la pequeña “Capilla Sixtina” de Lombardía, con frescos de Paolo Pagani de 1697 — con saludos de las autoridades y discursos del alcalde <strong>Laura Romanò</strong>, del presidente de la Asociación de Amigos del Museo <strong>Roger Pianezzi</strong> y el director <strong>Giorgio Mollisi</strong>, historiador de arte. El propio artista hablará, mientras que su hija <strong>Gloria Togni</strong> La ceremonia estará acompañada de interludios de flauta. A continuación, se presentará una ópera y una presentación de diapositivas dedicada a <strong>Bellotti de San Mamete</strong>, una dinastía de pintores y escultores de Valsoldi que estuvieron activos en Europa entre los siglos XVI y XVIII. <strong>18:00</strong> nos trasladamos al <strong>Casa Museo Pagani</strong> para el corte de cinta y el refrigerio en el oratorio.</p>
<h2>Una ruta entre Valsolda y el cantón de Ticino.</h2>
<p>Nacido en Milán en 1942 y criado en <strong>Valsolda</strong>, Togni se formó en la Academia de Bellas Artes de <strong>París</strong> (1963-65) y de <strong>Roma</strong> (1966). Enseñó durante años en <strong>CSIA de Lugano</strong> y durante una década presidió la sección de Ticino de la Sociedad de Pintores y Arquitectos Suizos (hoy <em>Visarte</em>), organizando alrededor de cincuenta exposiciones. Hoy vive y trabaja en <strong>Original</strong>, en la otra orilla del lago Ceresio: una trayectoria biográfica que lo convierte efectivamente en una figura clave entre las dos orillas del lago.</p>
<h2>Investigación: pintura que emerge del marco</h2>
<p>La característica más reconocible de Togni es la <strong>lienzo invertido</strong> montado sobre un panel de madera lacada — el <em>lienzo con forma</em>, un léxico que dialoga con Burri, Geiger, Stella, Kelly, Tuttle. Pero en su obra la proyección nunca es una forma geométrica pura: es <strong>fragmento denso de memoria</strong>, donde el clasicismo no es una cita sino una ley fundacional. Togni donó al Museo Casa Pagani <em>La templanza (el reloj de arena del pintor)</em>, Lienzo extruido de 80×80 cm sobre panel lacado, que pasa a formar parte de la colección permanente de artistas de Valsolda en la tercera planta.</p>
<h2>Descarga el póster</h2>
<p><a href="https://ceresio5valli.it/wp-content/uploads/2026/04/manifesto-giuliano-togni-museo-casa-pagani-2026.pdf" target="_blank" rel="noopener">📄 Descarga el cartel de la exposición (PDF)</a></p>
<div style="background:rgba(0,0,0,0.05);border-left:4px solid #2196F3;padding:1em 1.2em;margin:1.5em 0;">
<p style="margin:0;"><strong>📅 Inauguración:</strong> Sábado, 9 de mayo de 2026 — 17:00 h Iglesia de San Martino, 18:00 h Museo Casa Pagani<br />
<strong>📅 Mostrar:</strong> Del 9 de mayo al 28 de junio de 2026, sábados, domingos y festivos, de 11:00 a 18:00.<br />
<strong>📍</strong> Casa Museo Pagani, Via C. Jamucci 8/10, Castello Valsolda (CO)<br />
<strong>🎟️ Entrada gratuita</strong><br />
<strong>✉️</strong> <a href="mailto:direzione@museocasapagani.it">direzione@museocasapagani.it</a><br />
<strong>👥</strong> Museo Casa Pagani · Asociación de Amigos del Museo Casa Pagani · Compañía del Castillo · Municipio de Valsolda</p>
</div>

<p>Del 9 de mayo al 28 de junio de 2026, el Museo Casa Pagani en Castello Valsolda rinde homenaje a Giuliano Togni con una retrospectiva de casi sesenta años de pintura, desde acrílicos pulverizados hasta lienzos extruidos.</p>
