{"id":12512,"date":"2026-09-06T02:16:14","date_gmt":"2026-09-06T00:16:14","guid":{"rendered":"https:\/\/ceresio5valli.it\/?post_type=eventi&#038;p=12512"},"modified":"2026-09-06T02:16:14","modified_gmt":"2026-09-06T00:16:14","slug":"martedi-didattico-settembre-2026-sapori-valtellina-osteria-lanterna","status":"publish","type":"eventi","link":"https:\/\/ceresio5valli.it\/de\/eventi\/martedi-didattico-settembre-2026-sapori-valtellina-osteria-lanterna\/","title":{"rendered":"Bildungsdienstag, 8. September 2026: Die Aromen des Veltlins in der Osteria La Lanterna"},"content":{"rendered":"<p>Nach der Sommerpause <strong>Bildungsdienstag<\/strong> der\u2019<strong>La Lanterna Inn<\/strong> Sie brechen wieder auf und begeben sich dabei in die Berge. Dienstag <strong>8. September 2026, ab 19:30 Uhr<\/strong>, In Cressogno di Valsolda fand ein Abend statt, der ganz dem gewidmet war. <strong>Veltlin<\/strong>: seine Aromen, seine Produkte und die Traditionen eines Tals, das die Konservierung \u2013 von Fleisch, Wein, K\u00e4se \u2013 zu einer Kunstform erhoben hat.<\/p>\n<h2>Ein einzigartiger Abend<\/h2>\n<p>Das Konzept der \u201eEducational Tuesdays\u201c ist einfach und wertvoll: ein privater Raum, begrenzte Pl\u00e4tze und ein Men\u00fc, das sich Gang f\u00fcr Gang offenbart. Ein Abendessen, das gleichzeitig eine Reise ist, bei der zwischen den G\u00e4ngen Zeit f\u00fcr Gespr\u00e4che, Fragen und das Verst\u00e4ndnis der Herkunft der Zutaten bleibt. Mit der k\u00fchlen Brise, die auf die Terrasse mit Blick auf \u2026 <strong>Ceresio-See<\/strong>, die Saison der Kochabende <strong>Pamela<\/strong> Es beginnt hier.<\/p>\n<h2>Das Men\u00fc des Abends<\/h2>\n<p>Vier Etappen f\u00fchren hinauf ins Tal: von Chiavenna bis zum Apfel, der gro\u00dfen Frucht des Veltlins.<\/p>\n<ul>\n<li><strong>Beginnen wir in Chiavenna.<\/strong> \u2014 Bresaola, Sciatt, Giardiniera und Wild<\/li>\n<li><strong>Pizzocchero in ravioli<\/strong> \u2014 Pizzoccherato-Ravioli auf Orobic-Tal-Fondue mit gehobelten Storico Ribelle-Sp\u00e4nen<\/li>\n<li><strong>Kikeriki und Braulio<\/strong> \u2014 Vallespluga-Hahn, glasiert mit Braulio Riserva, mit in Sciatt-Teig frittierter Keule, Kartoffelp\u00fcree und Gem\u00fcse<\/li>\n<li><strong>Die gro\u00dfartige Frucht des Veltlins: der Apfel<\/strong><\/li>\n<\/ul>\n<p><strong>Kosten<\/strong>60 \u20ac pro Person, inklusive zwei Weinbegleitungen.<\/p>\n<h2>Informationen und Reservierungen<\/h2>\n<ul>\n<li><strong>Wann:<\/strong> Dienstag, 8. September 2026, ab 19:30 Uhr<\/li>\n<li><strong>Wo:<\/strong> Osteria La Lanterna, Via Gasparino Finali 1, Cressogno \u2013 Valsolda (CO)<\/li>\n<li><strong>Kosten:<\/strong> 60 \u20ac pro Person, zwei Weinbegleitungen inklusive<\/li>\n<li><strong>Nur begrenzte Pl\u00e4tze verf\u00fcgbar:<\/strong> Reservierung erforderlich<\/li>\n<\/ul>","protected":false},"excerpt":{"rendered":"<p>Nach der Sommerpause sind die beliebten \u201eEducational Tuesdays\u201c der Osteria La Lanterna zur\u00fcck \u2013 und zwar dieses Mal mit einem Ausflug in die Berge. Dienstag, 8. September\u2026<\/p>","protected":false},"featured_media":12513,"template":"","tags":[],"comune":[15],"class_list":["post-12512","eventi","type-eventi","status-publish","has-post-thumbnail","hentry","comune-valsolda"],"meta_fields":{"rank_math_internal_links_processed":["1"],"data_inizio":["20260908"],"data_fine":["20260908"],"ora_inizio":["19:30"],"luogo":["Via Gasparino Finali 1, Cressogno \u2014 Valsolda (CO)"],"latitudine":["46.02455"],"longitudine":["9.07230"],"tipo_evento":["gastronomia"],"prezzo_biglietto":["60 a persona"],"organizzatore":["Osteria La Lanterna \u00b7 Chef Pamela"],"telefono_info":["+39 0344 69014"],"email_info":["osterialalanterna@gmail.com"],"link_prenotazione":["https:\/\/wa.me\/393335955491"],"rank_math_description":["Marted\u00ec 8 settembre 2026 all'Osteria La Lanterna di Cressogno: i Marted\u00ec Didattici ripartono con un menu dedicato alla Valtellina. Posti limitati, prenotazione obbligatoria."],"rank_math_focus_keyword":["Marted\u00ec Didattici Osteria La Lanterna"],"locandina_id":["12513"]},"_links":{"self":[{"href":"https:\/\/ceresio5valli.it\/de\/wp-json\/wp\/v2\/eventi\/12512","targetHints":{"allow":["GET"]}}],"collection":[{"href":"https:\/\/ceresio5valli.it\/de\/wp-json\/wp\/v2\/eventi"}],"about":[{"href":"https:\/\/ceresio5valli.it\/de\/wp-json\/wp\/v2\/types\/eventi"}],"wp:featuredmedia":[{"embeddable":true,"href":"https:\/\/ceresio5valli.it\/de\/wp-json\/wp\/v2\/media\/12513"}],"wp:attachment":[{"href":"https:\/\/ceresio5valli.it\/de\/wp-json\/wp\/v2\/media?parent=12512"}],"wp:term":[{"taxonomy":"post_tag","embeddable":true,"href":"https:\/\/ceresio5valli.it\/de\/wp-json\/wp\/v2\/tags?post=12512"},{"taxonomy":"comune","embeddable":true,"href":"https:\/\/ceresio5valli.it\/de\/wp-json\/wp\/v2\/comune?post=12512"}],"curies":[{"name":"wp","href":"https:\/\/api.w.org\/{rel}","templated":true}]}}

<p>Nach der Sommerpause <strong>Bildungsdienstag</strong> der’<strong>La Lanterna Inn</strong> Sie brechen wieder auf und begeben sich dabei in die Berge. Dienstag <strong>8. September 2026, ab 19:30 Uhr</strong>, In Cressogno di Valsolda fand ein Abend statt, der ganz dem gewidmet war. <strong>Veltlin</strong>: seine Aromen, seine Produkte und die Traditionen eines Tals, das die Konservierung – von Fleisch, Wein, Käse – zu einer Kunstform erhoben hat.</p>
<h2>Ein einzigartiger Abend</h2>
<p>Das Konzept der „Educational Tuesdays“ ist einfach und wertvoll: ein privater Raum, begrenzte Plätze und ein Menü, das sich Gang für Gang offenbart. Ein Abendessen, das gleichzeitig eine Reise ist, bei der zwischen den Gängen Zeit für Gespräche, Fragen und das Verständnis der Herkunft der Zutaten bleibt. Mit der kühlen Brise, die auf die Terrasse mit Blick auf … <strong>Ceresio-See</strong>, die Saison der Kochabende <strong>Pamela</strong> Es beginnt hier.</p>
<h2>Das Menü des Abends</h2>
<p>Vier Etappen führen hinauf ins Tal: von Chiavenna bis zum Apfel, der großen Frucht des Veltlins.</p>
<ul>
<li><strong>Beginnen wir in Chiavenna.</strong> — Bresaola, Sciatt, Giardiniera und Wild</li>
<li><strong>Pizzocchero in ravioli</strong> — Pizzoccherato-Ravioli auf Orobic-Tal-Fondue mit gehobelten Storico Ribelle-Spänen</li>
<li><strong>Kikeriki und Braulio</strong> — Vallespluga-Hahn, glasiert mit Braulio Riserva, mit in Sciatt-Teig frittierter Keule, Kartoffelpüree und Gemüse</li>
<li><strong>Die großartige Frucht des Veltlins: der Apfel</strong></li>
</ul>
<p><strong>Kosten</strong>60 € pro Person, inklusive zwei Weinbegleitungen.</p>
<h2>Informationen und Reservierungen</h2>
<ul>
<li><strong>Wann:</strong> Dienstag, 8. September 2026, ab 19:30 Uhr</li>
<li><strong>Wo:</strong> Osteria La Lanterna, Via Gasparino Finali 1, Cressogno – Valsolda (CO)</li>
<li><strong>Kosten:</strong> 60 € pro Person, zwei Weinbegleitungen inklusive</li>
<li><strong>Nur begrenzte Plätze verfügbar:</strong> Reservierung erforderlich</li>
</ul>

<p>Nach der Sommerpause sind die beliebten „Educational Tuesdays“ der Osteria La Lanterna zurück – und zwar dieses Mal mit einem Ausflug in die Berge. Dienstag, 8. September…</p>

Martedì 8 settembre 2026 all'Osteria La Lanterna di Cressogno: i Martedì Didattici ripartono con un menu dedicato alla Valtellina. Posti limitati, prenotazione obbligatoria.

Martedì Didattici Osteria La Lanterna
