{"id":11604,"date":"2026-04-25T12:32:46","date_gmt":"2026-04-25T10:32:46","guid":{"rendered":"https:\/\/ceresio5valli.it\/eventi\/mostra-retrospettiva-giuliano-togni-museo-casa-pagani-2026\/"},"modified":"2026-04-25T12:32:46","modified_gmt":"2026-04-25T10:32:46","slug":"mostra-retrospettiva-giuliano-togni-museo-casa-pagani-2026","status":"publish","type":"eventi","link":"https:\/\/ceresio5valli.it\/de\/eventi\/mostra-retrospettiva-giuliano-togni-museo-casa-pagani-2026\/","title":{"rendered":"Giuliano Togni: Retrospektive im Casa Pagani Museum"},"content":{"rendered":"<p><em>Sechzig Jahre Malerei zwischen Valsolda, Lugano und Europa: Das Casa Pagani Museum w\u00fcrdigt eine der bekanntesten Pers\u00f6nlichkeiten der grenz\u00fcberschreitenden Kunstszene.<\/em><\/p>\n<p>vom <strong>9. Mai bis 28. Juni 2026<\/strong>, Der <a href=\"\/de\/poi\/museo-casa-pagani\/\"><strong>Museum Haus Pagani<\/strong><\/a> Castello Valsolda beherbergt die gro\u00dfe Retrospektive, die gewidmet ist <strong>Julian Togni<\/strong>, einem Maler aus Valsolda von nationalem und internationalem Rang. Die Ausstellung umfasst fast sechzig Jahre seines Schaffens, von den gespr\u00fchten Acrylbildern seiner fr\u00fchen Werke bis hin zu den gefeierten extrovertierten Gem\u00e4lden seiner sp\u00e4teren Jahrzehnte, und ist das Ergebnis einer Zusammenarbeit zwischen dem Casa Pagani Museum, dem F\u00f6rderverein des Museums, der Compagnia del Castello und der Gemeinde Valsolda.<\/p>\n<h2>Die Einweihung findet am 9. Mai statt.<\/h2>\n<p>Der Er\u00f6ffnungstag \u00f6ffnet <strong>Samstag, 9. Mai um 17:00 Uhr<\/strong> im <a href=\"\/de\/poi\/chiesa-di-san-martino-a-castello\/\"><strong>Kirche San Martino di Castello<\/strong><\/a> \u2014 die kleine \u201cSixtinische Kapelle\u201d der Lombardei, 1697 von Paolo Pagani mit Fresken bemalt \u2014 mit Gru\u00dfworten der Beh\u00f6rden und Reden des B\u00fcrgermeisters <strong>Laura Roman\u00f2<\/strong>, des Pr\u00e4sidenten der Vereinigung der Freunde des Museums <strong>Roger Pianezzi<\/strong> und der Regisseur <strong>Giorgio Mollisi<\/strong>, Kunsthistoriker. Der K\u00fcnstler selbst wird sprechen, w\u00e4hrend seine Tochter <strong>Gloria Togni<\/strong> Die Zeremonie wird von Fl\u00f6tenzwischenspielen begleitet. Anschlie\u00dfend folgen die Auff\u00fchrung einer Oper und eine Diashow, die \u2026 gewidmet ist. <strong>Bellotti von San Mamete<\/strong>, eine Dynastie von Malern und Bildhauern aus Valsoldi, die zwischen dem 16. und 18. Jahrhundert in Europa t\u00e4tig waren. <strong>18:00<\/strong> wir ziehen weiter zu <strong>Museum Haus Pagani<\/strong> zur feierlichen Zeremonie mit Banddurchschnitt und anschlie\u00dfendem Imbiss im Oratorium.<\/p>\n<h2>Eine Route zwischen Valsolda und dem Kanton Tessin<\/h2>\n<p>Geboren 1942 in Mailand und aufgewachsen in <strong>Valsolda<\/strong>, Togni absolvierte seine Ausbildung an der Akademie der Sch\u00f6nen K\u00fcnste in <strong>Paris<\/strong> (1963-65) und von <strong>Rom<\/strong> (1966). Er unterrichtete jahrelang an <strong>CSIA von Lugano<\/strong> und ein Jahrzehnt lang leitete er die Tessiner Sektion der Gesellschaft Schweizer Maler und Architekten (heute <em>Visarte<\/em>), und organisierte etwa f\u00fcnfzig Ausstellungen. Heute lebt und arbeitet er in <strong>Origlio<\/strong>, am anderen Ufer des Ceresio-Sees: eine biographische Entwicklung, die ihn zu einer Schl\u00fcsselfigur zwischen den beiden Ufern des Sees macht.<\/p>\n<h2>Forschung: Malerei, die aus dem Rahmen entsteht<\/h2>\n<p>Tognis markantestes Merkmal ist die <strong>umgest\u00fclptes Segeltuch<\/strong> auf einer lackierten Holzplatte angebracht \u2013 die <em>geformte Leinwand<\/em>, ein Lexikon, das mit Burri, Geiger, Stella, Kelly und Tuttle in Dialog tritt. Doch in seinem Werk ist die Projektion niemals eine rein geometrische Form: Sie ist <strong>dichtes Erinnerungsfragment<\/strong>, Dort ist der Klassizismus nicht nur ein Zitat, sondern ein Gr\u00fcndungsgesetz. Togni spendete dem Casa Pagani Museum <em>M\u00e4\u00dfigung (die Sanduhr des Malers)<\/em>, 80\u00d780 cm extrudierte Leinwand auf lackierter Platte, die ein st\u00e4ndiger Bestandteil der Sammlung von Valsolda-K\u00fcnstlern im dritten Stock wird.<\/p>\n<h2>Poster herunterladen<\/h2>\n<p><a href=\"https:\/\/ceresio5valli.it\/wp-content\/uploads\/2026\/04\/manifesto-giuliano-togni-museo-casa-pagani-2026.pdf\" target=\"_blank\" rel=\"noopener\">\ud83d\udcc4 Laden Sie das Ausstellungsplakat herunter (PDF)<\/a><\/p>\n<div style=\"background:rgba(0,0,0,0.05);border-left:4px solid #2196F3;padding:1em 1.2em;margin:1.5em 0;\">\n<p style=\"margin:0;\"><strong>\ud83d\udcc5 Einweihung:<\/strong> Samstag, 9. Mai 2026 \u2013 17:00 Uhr Kirche San Martino, 18:00 Uhr Museum Casa Pagani<br \/>\n<strong>\ud83d\udcc5 Anzeigen:<\/strong> 9. Mai \u2013 28. Juni 2026, samstags, sonntags und an Feiertagen, 11:00\u201318:00 Uhr<br \/>\n<strong>\ud83d\udccd<\/strong> Pagani House Museum, Via C. Jamucci 8\/10, Castello Valsolda (CO)<br \/>\n<strong>\ud83c\udf9f\ufe0f Freier Eintritt<\/strong><br \/>\n<strong>\u2709\ufe0f<\/strong> <a href=\"mailto:direzione@museocasapagani.it\">direzione@museocasapagani.it<\/a><br \/>\n<strong>\ud83d\udc65<\/strong> Pagani-Hausmuseum \u00b7 F\u00f6rderverein des Pagani-Hausmuseums \u00b7 Castle Company \u00b7 Gemeinde Valsolda<\/p>\n<\/div>","protected":false},"excerpt":{"rendered":"<p>Vom 9. Mai bis zum 28. Juni 2026 feiert das Casa Pagani Museum in Castello Valsolda Giuliano Togni mit einer Retrospektive, die fast sechzig Jahre seiner Malerei umfasst \u2013 von gespr\u00fchten Acrylfarben bis hin zu extrudierten Leinw\u00e4nden.<\/p>","protected":false},"featured_media":11609,"template":"","comune":[],"class_list":["post-11604","eventi","type-eventi","status-publish","has-post-thumbnail","hentry"],"_links":{"self":[{"href":"https:\/\/ceresio5valli.it\/de\/wp-json\/wp\/v2\/eventi\/11604","targetHints":{"allow":["GET"]}}],"collection":[{"href":"https:\/\/ceresio5valli.it\/de\/wp-json\/wp\/v2\/eventi"}],"about":[{"href":"https:\/\/ceresio5valli.it\/de\/wp-json\/wp\/v2\/types\/eventi"}],"wp:featuredmedia":[{"embeddable":true,"href":"https:\/\/ceresio5valli.it\/de\/wp-json\/wp\/v2\/media\/11609"}],"wp:attachment":[{"href":"https:\/\/ceresio5valli.it\/de\/wp-json\/wp\/v2\/media?parent=11604"}],"wp:term":[{"taxonomy":"comune","embeddable":true,"href":"https:\/\/ceresio5valli.it\/de\/wp-json\/wp\/v2\/comune?post=11604"}],"curies":[{"name":"wp","href":"https:\/\/api.w.org\/{rel}","templated":true}]}}

<p><em>Sechzig Jahre Malerei zwischen Valsolda, Lugano und Europa: Das Casa Pagani Museum würdigt eine der bekanntesten Persönlichkeiten der grenzüberschreitenden Kunstszene.</em></p>
<p>vom <strong>9. Mai bis 28. Juni 2026</strong>, Der <a href="/de/poi/museo-casa-pagani/"><strong>Museum Haus Pagani</strong></a> Castello Valsolda beherbergt die große Retrospektive, die gewidmet ist <strong>Julian Togni</strong>, einem Maler aus Valsolda von nationalem und internationalem Rang. Die Ausstellung umfasst fast sechzig Jahre seines Schaffens, von den gesprühten Acrylbildern seiner frühen Werke bis hin zu den gefeierten extrovertierten Gemälden seiner späteren Jahrzehnte, und ist das Ergebnis einer Zusammenarbeit zwischen dem Casa Pagani Museum, dem Förderverein des Museums, der Compagnia del Castello und der Gemeinde Valsolda.</p>
<h2>Die Einweihung findet am 9. Mai statt.</h2>
<p>Der Eröffnungstag öffnet <strong>Samstag, 9. Mai um 17:00 Uhr</strong> im <a href="/de/poi/chiesa-di-san-martino-a-castello/"><strong>Kirche San Martino di Castello</strong></a> — die kleine “Sixtinische Kapelle” der Lombardei, 1697 von Paolo Pagani mit Fresken bemalt — mit Grußworten der Behörden und Reden des Bürgermeisters <strong>Laura Romanò</strong>, des Präsidenten der Vereinigung der Freunde des Museums <strong>Roger Pianezzi</strong> und der Regisseur <strong>Giorgio Mollisi</strong>, Kunsthistoriker. Der Künstler selbst wird sprechen, während seine Tochter <strong>Gloria Togni</strong> Die Zeremonie wird von Flötenzwischenspielen begleitet. Anschließend folgen die Aufführung einer Oper und eine Diashow, die … gewidmet ist. <strong>Bellotti von San Mamete</strong>, eine Dynastie von Malern und Bildhauern aus Valsoldi, die zwischen dem 16. und 18. Jahrhundert in Europa tätig waren. <strong>18:00</strong> wir ziehen weiter zu <strong>Museum Haus Pagani</strong> zur feierlichen Zeremonie mit Banddurchschnitt und anschließendem Imbiss im Oratorium.</p>
<h2>Eine Route zwischen Valsolda und dem Kanton Tessin</h2>
<p>Geboren 1942 in Mailand und aufgewachsen in <strong>Valsolda</strong>, Togni absolvierte seine Ausbildung an der Akademie der Schönen Künste in <strong>Paris</strong> (1963-65) und von <strong>Rom</strong> (1966). Er unterrichtete jahrelang an <strong>CSIA von Lugano</strong> und ein Jahrzehnt lang leitete er die Tessiner Sektion der Gesellschaft Schweizer Maler und Architekten (heute <em>Visarte</em>), und organisierte etwa fünfzig Ausstellungen. Heute lebt und arbeitet er in <strong>Origlio</strong>, am anderen Ufer des Ceresio-Sees: eine biographische Entwicklung, die ihn zu einer Schlüsselfigur zwischen den beiden Ufern des Sees macht.</p>
<h2>Forschung: Malerei, die aus dem Rahmen entsteht</h2>
<p>Tognis markantestes Merkmal ist die <strong>umgestülptes Segeltuch</strong> auf einer lackierten Holzplatte angebracht – die <em>geformte Leinwand</em>, ein Lexikon, das mit Burri, Geiger, Stella, Kelly und Tuttle in Dialog tritt. Doch in seinem Werk ist die Projektion niemals eine rein geometrische Form: Sie ist <strong>dichtes Erinnerungsfragment</strong>, Dort ist der Klassizismus nicht nur ein Zitat, sondern ein Gründungsgesetz. Togni spendete dem Casa Pagani Museum <em>Mäßigung (die Sanduhr des Malers)</em>, 80×80 cm extrudierte Leinwand auf lackierter Platte, die ein ständiger Bestandteil der Sammlung von Valsolda-Künstlern im dritten Stock wird.</p>
<h2>Poster herunterladen</h2>
<p><a href="https://ceresio5valli.it/wp-content/uploads/2026/04/manifesto-giuliano-togni-museo-casa-pagani-2026.pdf" target="_blank" rel="noopener">📄 Laden Sie das Ausstellungsplakat herunter (PDF)</a></p>
<div style="background:rgba(0,0,0,0.05);border-left:4px solid #2196F3;padding:1em 1.2em;margin:1.5em 0;">
<p style="margin:0;"><strong>📅 Einweihung:</strong> Samstag, 9. Mai 2026 – 17:00 Uhr Kirche San Martino, 18:00 Uhr Museum Casa Pagani<br />
<strong>📅 Anzeigen:</strong> 9. Mai – 28. Juni 2026, samstags, sonntags und an Feiertagen, 11:00–18:00 Uhr<br />
<strong>📍</strong> Pagani House Museum, Via C. Jamucci 8/10, Castello Valsolda (CO)<br />
<strong>🎟️ Freier Eintritt</strong><br />
<strong>✉️</strong> <a href="mailto:direzione@museocasapagani.it">direzione@museocasapagani.it</a><br />
<strong>👥</strong> Pagani-Hausmuseum · Förderverein des Pagani-Hausmuseums · Castle Company · Gemeinde Valsolda</p>
</div>

<p>Vom 9. Mai bis zum 28. Juni 2026 feiert das Casa Pagani Museum in Castello Valsolda Giuliano Togni mit einer Retrospektive, die fast sechzig Jahre seiner Malerei umfasst – von gesprühten Acrylfarben bis hin zu extrudierten Leinwänden.</p>
